ulate v(12).
12
Suppose 3*w - 31 = 230. Let m(j) = -3*j + j**3 - 84 + 3*j + w - 5*j - 4*j**2 + 2*j. Calculate m(4).
-9
Let l(h) = 1. Let j(b) = b - 3. Let s(v) = -j(v) - 3*l(v). Let c = -24 - -50. Let i = c + -29. Determine s(i).
3
Let v(w) = w**3 - 9*w**2 + 16*w - 3. Suppose -q + 14 - 36 = -4*p, 0 = 3*p + 4*q - 26. Let c be v(p). Let l(s) = -s**3 - 15*s**2 - 2*s - 34. Give l(c).
-4
Let f(x) = x + 77 + 64 - 193 + 73. Give f(-11).
10
Let x(w) = -66*w + 3. Let l = -2540 + 2541. Calculate x(l).
-63
Suppose -14 = d - 4*t, 2*d + 4 = -t + 3*t. Let x be (-2)/(-9) + 133/9. Let o(h) = -x*h + 3*h**3 + 14*h - d*h**3 + 3. Calculate o(0).
3
Let w(k) = k**2 - 7*k - 24. Suppose 2797 = -9*p + 2770. What is w(p)?
6
Suppose 3*n - w = -0*n - 21, 4*n + 2*w + 18 = 0. Let a(p) be the second derivative of p**4/6 + 4*p**3/3 - p**2 + 78*p + 23. Calculate a(n).
22
Suppose -5*r - 320 = -3*i, 0 = -4*i + 2*i - 10. Let y = r + 70. Let z(u) = -16*u**3 - u + 32*u**3 - 2 - 17*u**3 + y*u**2. What is z(2)?
0
Let u(r) = r**2 + 5*r + 6. Suppose 172 = 3*t + 181. Let k(z) = -z**2 - 5*z - 6. Let a(j) = t*k(j) - 4*u(j). Give a(-3).
0
Let y(t) = -t**3 + t**2 - t + 10. Let o(v) = 2*v**2 + 2*v - 4. Let p(w) = -w**3 - 10*w**2 - 4*w - 42. Let i be p(-10). Let h be o(i). What is y(h)?
10
Let q be (4 - (-847)/33) + 1/3. Let s(w) = w - 25. Let u be s(q). Let h(k) = k**3 - 6*k**2 + 2*k - 4. What is h(u)?
-19
Let r(l) = -26 - 211*l - 214*l + 853*l - 214*l - 212*l. What is r(15)?
4
Let i(o) = 4 - 80*o - 2 + 79*o. Let a(c) = -4*c + 10. Let s(w) = 2*a(w) - 9*i(w). Let v(q) = -3*q. Let p be v(1). What is s(p)?
-1
Let t(l) = -11*l. Suppose -3*m - 31 = -5*p, -7*m = -5*p - 2*m + 35. Suppose -i + 4*k = -0*i + 67, -p*i = -5*k + 290. Let x = i + 54. Give t(x).
11
Suppose -349 + 221 = 17*c + 15*c. Let q(b) be the second derivative of -b**5/20 - b**4/4 + 2*b**3/3 - b**2 + b. Give q(c).
-2
Let s(x) = -5*x**3 + 12*x**2 - 17*x + 7. Let l(o) = -3*o**3 + 6*o**2 - 11*o + 3. Let p(h) = 7*l(h) - 4*s(h). What is p(-5)?
13
Let k(u) = -u**3 - 14*u**2 + u + 14. Let w = -5259 + 5245. Calculate k(w).
0
Let u(g) = 3*g**2 + 494*g - 493*g - 4*g**3 + 4*g**2 + 3*g**3 - 5. Determine u(7).
2
Let f be ((-6)/(-3) - -9) + -2. Let a(k) = -1688*k**2 - 4 + 863*k**2 + 826*k**2 - 9*k. Determine a(f).
-4
Let s(n) = n**2 + 7*n - 4. Suppose f + 5*m = 91, -2*f + m - 5*m + 200 = 0. Let v(c) = -9*c + 3*c**2 - f + c**3 - 104 + 209. Let r be v(-5). Determine s(r).
-10
Let d(f) = -5*f**2 - f - 1. Let z be 5 + (-1372)/(8 - -6). Let x be ((-92)/(-5))/(2/10). Let p = x + z. What is d(p)?
-5
Let w = 40 - 7. Let v = w + -29. Let l(h) = v*h**3 - 7 - 4*h**2 - 112*h - h**2 + 111*h - 3*h**3. Calculate l(5).
-12
Let y(s) = 2*s - 2. Suppose -5*w - 107*w - 1008 = 0. What is y(w)?
-20
Let j(o) be the first derivative of -5*o**3/3 + 2*o**2 + 1051. Give j(-2).
-28
Let b(p) = -3*p**3 - p**2 - 4*p - 1. Let w be (-11)/(((-1089)/(-18))/11). Determine b(w).
27
Let a(z) be the third derivative of 0 - 8/3*z**3 + 0*z - 1/60*z**5 + 1/24*z**4 + 51*z**2. What is a(0)?
-16
Let l(t) be the second derivative of t**3/2 + 12*t**2 + 67*t. Let h(c) = -5*c - 36. Let x(o) = 5*h(o) + 8*l(o). Give x(11).
1
Let m be -7*((-2506)/98 - -25). Let b(u) be the third derivative of -1/2*u**3 + 0*u + 0 - 1/24*u**m - 35*u**2. Give b(-4).
1
Let i = -179030 - -179029. Suppose -3*h - 21 = 2*z - 64, -54 = -4*h - z. Let t(w) = 31*w - h*w + 2 - 1. Calculate t(i).
-17
Let l(v) be the third derivative of -v**6/60 + v**5/4 - v**4/24 - 5*v**3/2 - 31*v**2. Let t be l(8). Let o = t - -84. Let a(s) = s**2 + 5*s. Determine a(o).
-6
Let h(g) = -10*g - 20. Suppose -25*d = 3*z, -44*z = d - 46*z. Determine h(d).
-20
Let w(x) = -2*x**2 + 74. Let z be w(-6). Let n(h) = 0*h + 210 - 5*h + 2*h - 209 + z*h. What is n(-6)?
7
Let f(n) be the second derivative of -n**3/6 + n**2 + 1336*n. Suppose 2*a - 3*r = -r - 6, 4*a + r = -12. What is f(a)?
5
Let f(q) be the third derivative of -17*q**4/24 + 97*q**3/3 - 4819*q**2. Give f(12).
-10
Let u(c) = -c + 1. Let a(j) = -6*j + 4. Let p(h) = -a(h) + 5*u(h). Let o be p(3). Let i(g) = 4*g + 0 - 9 - 6*g**2 + 10 - 4 + g**3. Determine i(o).
-19
Let p(h) = 7*h**2 + h - 1. Let a(u) = -u**3 - 60*u**2 + 86*u + 1526. Let i be a(-61). Determine p(i).
7
Let q(s) = -s - 5. Let j be q(0). Let v(r) be the first derivative of 129 - 7*r + 3/2*r**2. Give v(j).
-22
Let l be 3 + (1 - -3) - 0. Let w(t) = 1. Let n(q) be the first derivative of -q**2 + 9*q + 28. Let p(k) = -n(k) + 3*w(k). Determine p(l).
8
Suppose 9248 = -66*g - 61*g + 1755. Let i(b) = -b**3 - 60*b**2 - 58*b + 50. Calculate i(g).
-9
Let y(d) = -16*d + 1. Let g(t) = t**2 - 10*t + 10. Suppose 7*f = 2*f + 2*p + 53, 3*f - 23 = -p. Let q be g(f). Calculate y(q).
-15
Let j(q) = -103*q**2 + q - 1. Suppose -2*f - 8 = n - 15, -2*f = 4*n - 10. Determine j(n).
-103
Let d be -3 - (-3)/(-3) - -2. Suppose 7 = -j - 3*q + 5*q, 4*q - 11 = j. Let m = d + j. Let u(g) = g**3 + 4*g**2 - 4*g + 4. Determine u(m).
-1
Let g(r) = 16*r + 358. Let p be g(-23). Let f(t) = t**2 + 4*t + 4. Determine f(p).
64
Let u(n) = -2*n + 5. Let i be 4 - 4*((-7)/(-2))/7. Let q(h) = -25*h - 7 - 4*h**2 - h**3 + 0*h**i + 18*h. Let y be q(-3). Determine u(y).
-5
Let g(q) = -q**3 - 7*q**2 - 15*q - 9. Let j be g(-4). Let r(k) = -j*k + 4*k - 6*k - 9 + 2*k. Give r(-4).
3
Suppose 0 = -12*o - 11*o + 253. Let s(n) = -8*n + 34. Give s(o).
-54
Let f be -2 + 8 + -4 + -4. Suppose -c + 15 = 4*l, 14*c - 3 = 11*c + 2*l. Let w(g) = -10*g**3 - 5*g + 25*g**3 - 14*g**c + 6*g. Give w(f).
-10
Let q(u) be the first derivative of -5*u - 2/3*u**3 + 9/2*u**2 + 2. Let x = 2013 - 2007. Determine q(x).
-23
Let g(s) = -2*s**2 - 2*s + 1. Let m(x) = -x**3 + 12*x**2 + 11*x + 6. Let k(r) = 2*g(r) + m(r). Determine k(9).
-10
Let y(j) = -4*j - 14. Suppose q - 1615 = -4*u, 0*q - 1624 = -4*u - 4*q. Let o = 395 - u. Give y(o).
18
Let r(o) = -3*o - 12. Suppose 4706 = 31*z - 843. Let k = z - 186. Determine r(k).
9
Let l = 3412 - 3418. Let t(j) = -j**2 - 2*j + 38. What is t(l)?
14
Let q(s) be the second derivative of 9*s**2 + 5/24*s**4 + 0 + s**3 - 1/30*s**5 - 18*s. Let d(k) be the first derivative of q(k). What is d(5)?
-19
Suppose 8*c = 2*c + 222. Let v = -35 + c. Let b(k) be the second derivative of -5*k**3/6 - k**2 - 9*k. Calculate b(v).
-12
Let d = -70 - -77. Suppose 0 = k + 2*r - d*r - 1548, 3*k = -5*r + 4664. Let f(l) = -k - 4*l + 3*l + 1560 - l**3 + 6*l**2. Calculate f(6).
1
Suppose b + 66 = -o + 60, -5*o = 20. Let d(q) = 63*q + 120. What is d(b)?
-6
Let l(k) = 35*k - 7. Let s(m) = -99*m + 24. Let w(h) = 14*l(h) + 5*s(h). What is w(0)?
22
Let n(l) = l**2 - l - 8. Let o(v) = 5*v**2 - 26*v - 97. Let t(g) = -6*n(g) + o(g). Give t(-17).
2
Let n = -7 - -13. Suppose 12 = -w + n. Let m(f) = -3*f**2 + 15*f + 2. Let s(g) = -4*g**2 + 22*g + 3. Let h(i) = 7*m(i) - 5*s(i). What is h(w)?
-7
Let k(h) = -15*h. Let y = -275 - -285. Let w(n) = 2*n**3 - 17*n**2 - 29*n - 9. Let l be w(y). Determine k(l).
-15
Let s(i) = -46*i**3 + i**2 + 3*i + 22. Let x(y) = 2*y**3 - 7. Let z(t) = -s(t) - 3*x(t). What is z(-1)?
-39
Let c(u) be the first derivative of 2*u**2 - 7*u + 150. Suppose 8*w + 216 = -40. Let z be w/(-10)*1*10/4. Give c(z).
25
Suppose -x - 2*k = -4*x - 17, -3*k + 8 = -x. Let o(g) be the second derivative of 0 + 1/6*g**3 + 3*g**2 + 36*g. What is o(x)?
1
Let i(q) be the third derivative of -q**6/120 - 7*q**5/60 - q**4/24 - 5*q**3/3 - 11435*q**2. Let n be 3/3 - (9 + -1). Determine i(n).
-3
Let f(t) = 8*t + 50. Suppose 3*p - 13*z + 23 = -12*z, 2*z = -2*p - 18. What is f(p)?
-14
Let v(c) be the first derivative of -c**4/4 - 5*c**3/3 - c**2/2 - 11*c - 1279. Determine v(-5).
-6
Let m(t) be the second derivative of t**4/12 - t**3/2 + 2*t**2 + 61*t. Let o(r) = r**3 + r**2 + r - 10. Let d be o(-3). Let f = 34 + d. What is m(f)?
4
Let y = 8921 - 8924. Let s(k) = -k**2 + k - 1. Calculate s(y).
-13
Let w(x) be the third derivative of x**4/12 + x**3/6 - 3060*x**2. What is w(-9)?
-17
Let j = -272 + 272. Let q(s) be the second derivative of s**5/120 + s**4/8 + 4*s**3/3 + 3*s. Let g(x) be the second derivative of q(x). Calculate g(j).
3
Let k(w) = 2*w**3 + 24*w**2 + 4*w + 13. Let o = 22626 - 22638. Determine k(o).
-35
Let h(v) = -v. Let g(s) = s - 1. Let y(d) = 4*g(d) + 2*h(d). Suppose -82*l - 2 = 48 - 296. Give y(l).
2
Let d(t) = -2*